5*t. Let s be 2/(-2 - 0)*1*q. List the prime factors of r(s).
3, 37
Suppose -10 = -4*b - 2*x, 2*x = -0*b - 2*b. Suppose b*q + 2*p - 124 = 0, -3*p - 179 + 65 = -5*q. What are the prime factors of q?
2, 3
Let r be (-1692)/14 + 3896/(-3409). Let s(z) = 7*z**2 - 3*z - 5. Let g be s(5). Let o = g + r. List the prime factors of o.
3, 11
Let v be 6/9 + 941/(-3)*-2. Let m be 3/(9/v) - (-28)/42. What are the prime factors of (1 - -1)*(m/12 + -2)?
31
Let s = -9175 - -16149. What are the prime factors of s?
2, 11, 317
Let d(i) = i**3 - 10*i**2 + 8*i + 16. Suppose -6*o - 36 = -10*o. Let p be d(o). List the prime factors of (p + -10)*(-41)/3.
41
Suppose 25274 = 4*f - f - 4*z, -33707 = -4*f + 7*z. What are the prime factors of f?
2, 3, 23, 61
Suppose 32*g = 174202 + 20934. What are the prime factors of g?
2, 3049
Let z(q) = 372*q**2 + 182*q + 142. What are the prime factors of z(-15)?
2, 10139
Let y(m) be the third derivative of -3*m**4/2 - 19*m**3/6 + 19*m**2. Let h be y(6). What are the prime factors of (2*h/(-10))/((-2)/(-4))?
2, 47
Let t(g) = -390*g + 5448. List the prime factors of t(5).
2, 3, 11, 53
Suppose 9*d + 63 = 0, x - 4*d + 6047 = 4*x. List the prime factors of x.
3, 5
Let q = -295 + 306. Let g = 207 - q. List the prime factors of g.
2, 7
List the prime factors of 2/(-3)*(43 - 13312).
2, 4423
Suppose 5*l - 40602 = -452. Suppose -3*v - 2*v = -l. What are the prime factors of (-4)/18 - v/(-18)?
89
Suppose 384 + 388 = -14*t + 618. Suppose 5*u - 165 = -5. Let i = t + u. List the prime factors of i.
3, 7
Suppose -3*b + 6*m + 133080 = 0, 177410 = -7*b + 11*b - 3*m. What are the prime factors of b?
2, 11087
Let l = -16907 - -29921. What are the prime factors of l?
2, 3, 241
Let t = 25 - 31. Let o(k) = 8*k + 15. Let h be o(t). Let n = h + 39. List the prime factors of n.
2, 3
Let g = 17329 + -9789. List the prime factors of g.
2, 5, 13, 29
Let r(f) = f**2 + 3*f + 2. Suppose 5*k = -20, 3*c + 5*k + 11 = -21. Let b be r(c). Suppose 2*y + 64 = b*y. What are the prime factors of y?
2
Let v = 7148 + 8542. List the prime factors of v.
2, 3, 5, 523
Suppose -2*q + 10 = -4*d - 52, -3*q = -4*d - 57. Let a be (d/(-12))/(-2 - (-5)/2). List the prime factors of (-4060)/(-36) + a + (-75)/27.
113
Suppose -12*g + 139757 = -7159. What are the prime factors of g?
3, 7, 11, 53
Let p = 125 + -121. Suppose -5*s + 96 = 2*c - 0*s, p*c + 5*s - 202 = 0. List the prime factors of c.
53
Let j = 1654 - 459. Let l = j + -612. List the prime factors of l.
11, 53
List the prime factors of (-8 + -1575)*78/(-6)*1.
13, 1583
Let v(r) = r**2 + 6*r + 13. Let d be v(-4). Suppose -4*k = s - 19, 0 = -d*s - 0*k - 5*k + 80. List the prime factors of (-522)/(-10) + (-3)/s.
2, 13
Suppose -2*l - 1744 = 4*o, 0 = o + l - 0*l + 438. Let i = 808 + o. What are the prime factors of i?
2, 11, 17
Let t be (2*2/12)/((-86)/(-3354)). Let y(c) = -3*c**2 + 53*c - 15. List the prime factors of y(t).
167
Let d = 4070 - 4040. List the prime factors of d.
2, 3, 5
Let r(k) = 6*k**2 - 6*k - 3. Let g be r(3). Let y be 6/(-3)*(g/(-6) - -3). Suppose y*l = b + 345, 2*l + 2*b - 207 = -l. What are the prime factors of l?
3, 23
Let o(g) = -g - 17*g + 47*g + 1. Let p be o(2). Let i = p + -35. List the prime factors of i.
2, 3
Let f = 20 + -18. Let m be -6 + f + (5 - -119). Suppose 2*i - c - m = 0, 0*i - i = 5*c - 38. List the prime factors of i.
2, 29
Let q = -361 - -6660. What are the prime factors of q?
6299
Suppose 0 = -206*x + 3898109 + 617411. List the prime factors of x.
2, 5, 137
Suppose 4*p + 449 - 17 = 5*a, 3*p = -3*a + 243. List the prime factors of 3060/a + 6/(-14).
2, 3
Let t(p) = -19733*p + 13. Let i be t(-13). Suppose -10*r = 3*r - i. List the prime factors of 4/(-5) + r/130.
151
Suppose 5*t - 47 = -27*l + 31*l, t - 2*l - 13 = 0. Let y = 29 - 17. Suppose -t*m + y*m = 935. What are the prime factors of m?
11, 17
Suppose 4*k + 6 = n, 3 = k + 2*k. Let m = -4787 + 4792. Suppose -m*c - n = 0, 54 = j - c - 44. List the prime factors of j.
2, 3
Let z(t) = -t**2 + 17*t + 10. Let v be z(14). Let c = v - 50. Suppose -s + 4*a = -6*s + 202, a = -c. What are the prime factors of s?
2, 3, 7
Let h(a) = a - 10. Let x be h(13). Suppose 0 = -5*i - 8*m + 3*m + 425, -401 = -5*i + x*m. Suppose 2*p - i - 130 = 0. List the prime factors of p.
2, 53
Suppose 566*h = 507*h + 2773. What are the prime factors of h?
47
Let f(m) = m - 1. Let w be f(-4). Let t be -2 + 0 + w + 126. Let r = t + -55. List the prime factors of r.
2
Suppose -4*l + 7*u + 2804 = 4*u, 4*u = 3*l - 2110. Let t = l - -728. What are the prime factors of t?
2, 23, 31
Suppose 82946 + 115420 = 74*j - 53*j. List the prime factors of j.
2, 4723
Let v = -55 + 21. Let j = 0 + v. Let y = 70 + j. What are the prime factors of y?
2, 3
Let u be 3246*1*(-4)/(-8) + 0. Let r = u - 919. List the prime factors of r.
2, 11
Suppose 3*u = 93 + 660. Suppose -34 = -b + 2*m + u, 2*b = -4*m + 578. What are the prime factors of b?
7, 41
Let x = 5187 + -992. List the prime factors of x.
5, 839
Let r = 80 + -80. Suppose r = -46*h + 9137 + 17497. List the prime factors of h.
3, 193
Let a(f) = 13*f - 3*f**3 - 4*f**3 + 14*f**3 - 6*f**3 - 5 - 13*f**2. Let x be a(12). Let m = 25 - x. List the prime factors of m.
2, 3
Let o = -243 + 247. Suppose 3*y = -5*w + 3176, o*y = -4*w + 1959 + 577. List the prime factors of w.
7, 13
Suppose 0 = 5*o + 2*m - 1410, o + 4*m = -0*o + 264. Suppose -3*h + o = -h. What are the prime factors of h?
2, 71
Let r be (1 - 3)/(7/(-21)). Let x be ((-70)/6 - 3)/(8/(-12)). Let k = x - r. List the prime factors of k.
2
Suppose 5626 = q - l, 3*q - 4*l = 5940 + 10934. Suppose -h + 3437 = 3*j, 3*j + 2213 - q = 3*h. List the prime factors of j.
2, 11, 13
Suppose 10 - 6 = 2*h, 1174 = 3*i - 4*h. Let m = i - 77. List the prime factors of m.
317
Let l(z) = z**3 - 64*z**2 + 125*z - 2. What are the prime factors of l(63)?
2, 61
Let i(s) = -3*s**2 + 3*s**3 - 5*s**2 + 3*s**2 + 7*s - 6 - 3*s. Let x be i(4). Let u = x + -28. What are the prime factors of u?
2, 47
Suppose 0*z = -z + 5. Suppose -4*a + 210 + 64 = u, 355 = z*a - 5*u. List the prime factors of a.
3, 23
Let p(u) = 6*u**3 + 5*u**2 + 16*u + 31. Let j(y) = 5*y**3 + 3*y**2 + 15*y + 30. Let m(o) = 7*j(o) - 6*p(o). List the prime factors of m(-12).
2, 3, 29
Let o(w) = -w - 10. Let t be o(5). Let z(y) = 3*y**2 + 39*y - 2. Let d be z(t). Suppose 3*a + 2*i - 268 = 0, 2*a = i + d + 93. What are the prime factors of a?
2, 3, 5
Suppose -10*f + 5*f = 2440. Let u = 776 + f. Suppose -5*a = -u + 13. What are the prime factors of a?
5, 11
Suppose -4*f + 178 - 34 = 0. Let h = -23 + f. Suppose -9*t = -h*t + 484. List the prime factors of t.
11
Suppose 3*z - 36 + 131 = -5*o, 3*o = 4*z - 86. Let b = 11 - o. Suppose -q + 42 + b = 0. List the prime factors of q.
3, 5
Let t = -45 + 89. Suppose 8969 = t*l - 2691. What are the prime factors of l?
5, 53
Suppose 0 = -4*s, 33*h - 14*h - 3*s = 14*h + 61100. What are the prime factors of h?
2, 5, 13, 47
Let s = 193 + -54. Let z = s - 135. Suppose -117 = -j + 5*o - 10, 491 = z*j + o. List the prime factors of j.
2, 61
Suppose 30*s - 65 = -5*j + 32*s, -2*s = 0. Let f = j + 158. What are the prime factors of f?
3, 19
Suppose 3*h + 2*h = 5*w + 4175, 3*w - 2523 = -3*h. What are the prime factors of h - -10 - (2 - -4)?
2, 421
Suppose 0 = j - 56 - 119. Let z = 343 - j. Let t = 392 - z. What are the prime factors of t?
2, 7
Suppose 0*k = -4*j - 5*k + 121, 4*j = 2*k + 86. Suppose 6*r - j = 4*r. Suppose -276 = -r*x + 9*x. What are the prime factors of x?
2, 23
Let y(s) = -s**3 + 4*s**2 + 13*s - 2. Let z be y(6). Let l = 206 - z. List the prime factors of l.
2, 101
Let n(i) = -227*i. Let s be n(-1). Suppose 380 = -7*o - 411. Let t = o + s. List the prime factors of t.
2, 3, 19
List the prime factors of (1 + 4)*11351223/765 - 2.
74189
Suppose 2*k - 6*l + 6 = -2*l, -5 = -5*k + 5*l. Suppose g - 5*q = -292, -k*q + 836 = -3*g - 0*q. Let m = -171 - g. List the prime factors of m.
101
Suppose -3*x = -4*l - 587, -x + 183 = 5*l - 0*l. Let s = x + -99. What are the prime factors of s?
2, 47
Suppose 0 = -6*l - 48 + 54. List the prime factors of l/2 + 36859/62.
5, 7, 17
Let i be (-63)/28*16/6. What are the prime factors of -2 + -5 - (-1035 - i)?
2, 7, 73
Suppose 3*k = 3 + 3, 2*o + 5*k - 34 = 0. Suppose -19*d + 13*d + o = 0. Suppo